5
Suppose 0 = -5*c + 25, -3*d - 189 = -7*d - 5*c. What is the remainder when d is divided by 22?
19
Let z be -2 - (-79)/3 - (-2)/(-6). Suppose 5*h - 3*h - z = 0. Calculate the remainder when 23 is divided by h.
11
Let i(r) = -86*r - 8. Let v be i(-2). Let w = -49 + v. What is the remainder when w is divided by 29?
28
Suppose c + 72 = -14*i + 18*i, i - 18 = -5*c. Let l be 39/15 - 2/(-5). Suppose -15 = -l*p + 90. Calculate the remainder when p is divided by i.
17
Let h be 229/(-5) + 1/(-5). Let g = -20 - h. Calculate the remainder when (27/(-6))/(-3)*(55 + -5) is divided by g.
23
Let n = -163 + 179. What is the remainder when 73 is divided by n?
9
Let n = -3 - 127. Let r = n - -223. Let d = 32 + -8. What is the remainder when r is divided by d?
21
Suppose 4*g - 533 = -5*b, 11*b - 7*b + 656 = 5*g. What is the remainder when g is divided by 22?
0
Suppose -75*p = -105*p + 90. Calculate the remainder when 11 is divided by p.
2
Let x(o) = o**2 - 2*o + 2. Let u be x(2). Suppose 0*q - u = q. Calculate the remainder when (-22)/q - (-11 + 8) is divided by 9.
5
Suppose -i + 72 + 87 = 0. Let w = i + -124. Suppose 175 + 97 = 4*c. What is the remainder when c is divided by w?
33
Let h be (-5)/((-5)/(-4))*-1. Suppose -3*f - h*a + 180 = 0, 3*f + 3*a + 2*a - 180 = 0. Calculate the remainder when f is divided by 31.
29
Let s(i) = -i + 12. Suppose 3*t + 243 = -2*n + 336, 0 = 3*t - 4*n - 111. Calculate the remainder when t is divided by s(5).
5
Let d = 34 + -190. Let r be (-483)/13 + (-24)/d. Calculate the remainder when 93 is divided by 4/(-2) - (r + 11).
21
Let h be (65/39)/((-10)/(-36)). Let g(y) = 4*y**2 - 11*y + 6. Calculate the remainder when g(h) is divided by 22.
18
Suppose 3*u + 1 = 5*y + 2, 13 = 5*u + 3*y. Suppose -3*m + u + 61 = 0. Calculate the remainder when 40 is divided by m.
19
Let v = 6 + 25. Let t be (35/70)/((-2)/(-24)). Suppose 26 - 122 = -t*a. What is the remainder when v is divided by a?
15
Let k(w) = 34*w**3 - 3*w**2 + 3*w - 1. Let b be k(1). Let t = -28 + b. What is the remainder when 4 + 4*(-25)/(-10) is divided by t?
4
Suppose g - 1439 = 5*q, 3 = -g + 2. What is the remainder when ((q/15)/(-2))/(9/30) is divided by 12?
8
Let c(l) be the second derivative of 8*l + l**2 - 1/2*l**3 + 0 + 2/3*l**4. What is the remainder when 27 is divided by c(1)?
6
Suppose 0 = -3*f - 2*v + 16 + 7, -v + 14 = 2*f. Suppose f*z - 398 = q - 30, z = 3*q + 82. Calculate the remainder when z is divided by 25.
23
Suppose 148 = 4*o - 4*l, 8*l = 3*o + 3*l - 111. Let x = 4 + -3. Calculate the remainder when o is divided by x/(-4) + (-231)/(-12).
18
Let x(v) = -v**3 - 23*v**2 - 44*v - 20. Calculate the remainder when 218 is divided by x(-21).
20
Let p(i) = -i**2 + 50*i - 521. What is the remainder when 602 is divided by p(32)?
52
Let i(r) = 2*r + 32. What is the remainder when 909 is divided by i(-11)?
9
Suppose -a + 36 = s + 3*a, 45 = 2*s - a. Let u = 70 + 26. Let d = -1 + u. What is the remainder when d is divided by s?
23
Let j = 17 + -11. Suppose -g - 70 = -j*g. Let h = 101 + -62. What is the remainder when h is divided by g?
11
Suppose -4*v + 8*v + 16 = 0. What is the remainder when 36 + 12/3 + v is divided by 20?
16
Let n(p) = -p + 3. Let j = -5 + 2. Let u(a) = a**3 + a + 28. What is the remainder when u(0) is divided by n(j)?
4
Suppose 3*i = -17 - 1. Let p be (-223)/(-17) - (-8)/(-68). Let d = i + p. What is the remainder when 19 is divided by d?
5
Suppose 3*x = 2*x - 1. Suppose 8*d - 53 = 235. Calculate the remainder when d is divided by x/(-5) + (-245)/(-25).
6
Calculate the remainder when 91 is divided by (14/5 - 2) + 984/20.
41
What is the remainder when (-1)/(2/(-188)) - (24 + -23) is divided by 51?
42
Let n = -53 + 53. Suppose -16 = c - 4*t, n = 3*c + 2*c + 5*t - 45. Calculate the remainder when 5 is divided by c.
1
Let i(l) = 4*l - 10. Let w = 6 + 3. What is the remainder when 51 is divided by i(w)?
25
Let f = -27 + 29. Suppose 4*x = -b + 151, x - 80 = -x - f*b. Calculate the remainder when x is divided by 10.
7
Suppose -h + 5 = 1. Suppose 0 = h*s - 5*f + 195, 3*f - 4*f - 51 = s. Let y = 85 + s. Calculate the remainder when y is divided by 9.
8
Let r(a) = a**3 - 20*a**2 + 20*a - 12. What is the remainder when 89 is divided by r(19)?
5
Let m(n) = -n**3 - 6*n**2 - 4*n + 5. Let f be m(-5). Suppose -z + 4 = -0*z. Suppose -z*u - u + 75 = f. What is the remainder when u is divided by 4?
3
Let g = -157 - -194. Calculate the remainder when 479 is divided by g.
35
Let d = 5 - 1. Suppose 23*y = 46 + 69. What is the remainder when (0 + 2/d)*18 is divided by y?
4
Suppose 8*d - 640 + 256 = 0. Calculate the remainder when d is divided by 7.
6
Suppose -73*a = -45*a - 2492. What is the remainder when a is divided by 49?
40
Let t(s) = 10*s - 62. Calculate the remainder when 149 is divided by t(10).
35
Let b(q) = -3*q - 13. Let x be b(-5). Suppose -5*z + h + 120 = 0, -3*z + 87 = -x*h + 15. Suppose j - z = 17. What is the remainder when j is divided by 22?
19
Let q(h) = 3*h**2 - 3*h + 30. Calculate the remainder when q(4) is divided by 12.
6
Let i(r) be the first derivative of -35*r**2/2 + r + 12. What is the remainder when i(-1) is divided by 8?
4
Let w(l) = -l**3 - 2*l**2 + 1. Let i(h) = -h**2 - 15*h - 17. Let k be i(-14). Let c be w(k). Suppose 11 = b - c. What is the remainder when b is divided by 11?
10
What is the remainder when 15/((-105)/2) - 48495/(-21) is divided by 22?
21
Suppose 4*d = -b + 37, -2*b + d = -37 - 1. Calculate the remainder when 2749 is divided by b.
19
Suppose f = 2*y + 509, 1309 + 727 = 4*f + 3*y. Suppose 80 - f = -11*c. Calculate the remainder when c is divided by 7.
4
Suppose -d + 3*d = 44. Suppose -5*y = 2*u - y + d, 5*u + y + 82 = 0. Let z = -10 - u. What is the remainder when 13 is divided by z?
6
Let z(l) = 4*l + 14. Suppose 4*r - 20 = -0*a - 5*a, 4*r + 20 = 0. What is the remainder when z(a) is divided by 13?
7
Let z = -939 + 949. Calculate the remainder when 348 is divided by z.
8
Let j = -1214 + 1307. What is the remainder when j is divided by 14?
9
Calculate the remainder when 279 is divided by ((-15)/4)/(12/(-64)).
19
What is the remainder when 12 is divided by (3/2)/(153/204)?
0
Let i = 125 + -23. Suppose i = -7*z + 452. Calculate the remainder when z is divided by 14.
8
Let l = 59 + -47. Let d = -105 + 112. What is the remainder when l is divided by d?
5
Suppose -142 = -11*r + 155. Calculate the remainder when 60 is divided by r.
6
Suppose 10 = 5*b - 0*b. Suppose 15 = -3*x, 3*x = b*u + u - 141. What is the remainder when u is divided by 15?
12
Let p be 4*20/6*9. Suppose -3*u + p = 2*u. Let n = u + -14. Calculate the remainder when 19 is divided by n.
9
Let g be 2/((-2)/(-1 - 1)). Let s(d) = -3*d**2 + d**3 + g*d - 3*d**3 - 5*d. Calculate the remainder when 17 is divided by s(-2).
7
Suppose -4*u - 2*o + 13 = -417, 5*o + 102 = u. Suppose 0 = 3*m - u + 23. Let v = -19 - -34. What is the remainder when m is divided by v?
13
Suppose -2*n - 3*z = -14, 2*n + 3*z - 2*z = 6. Suppose -26 = 4*p - 6, -4*p = 3*k - n. What is the remainder when 32 is divided by k?
4
Calculate the remainder when (206/10)/((-14)/(-70)) is divided by 23.
11
Calculate the remainder when ((-42)/8)/(0 - 9/132) is divided by 28.
21
Let j = -88 + 26. Let f = 80 + j. What is the remainder when f is divided by 10?
8
Suppose -9*p + 2 = -8*p. Let u(r) = 6*r + 1. What is the remainder when 49 is divided by u(p)?
10
Suppose -81*w + 1806 = -948. Calculate the remainder when 94 is divided by w.
26
Let f = -11 - -16. Suppose f*i = i + r + 61, -i + 19 = r. Suppose -5*t - i + 171 = 0. What is the remainder when t is divided by 16?
15
Suppose 3*o + 19 = 34. Suppose -2*c + 56 = 5*h, o*c + 10 - 65 = -4*h. What is the remainder when 37 is divided by h?
7
Suppose 3*n - 4*s - 10 = 19, 3*n - 37 = -4*s. Suppose j + 0*j - 45 = 2*a, -4*j - 3*a + 158 = 0. Calculate the remainder when j is divided by n.
8
Let z = 5 - 3. Let c = 3 + z. Suppose 2*y + c = -0*y + 5*p, -5*y - 4*p = -70. What is the remainder when y is divided by 4?
2
Suppose -3*k - 4*g + 460 + 163 = 0, -4*k + 848 = g. Suppose 5*z = -3*p - 2*p + 140, 5*p = 3*z - 76. What is the remainder when k is divided by z?
24
Let n(c) = c - 8. Let v be -49 + (-3 - 16/(-4)). Let r be ((-108)/v)/(3/16). What is the remainder when n(r) is divided 